{"id":758,"date":"2025-05-18T18:46:54","date_gmt":"2025-05-18T16:46:54","guid":{"rendered":"https:\/\/petraescaperoom.com\/?page_id=758"},"modified":"2025-05-18T19:08:23","modified_gmt":"2025-05-18T17:08:23","slug":"design","status":"publish","type":"page","link":"https:\/\/petraescaperoom.com\/index.php\/design\/","title":{"rendered":"DISE\u00d1O DE SALAS"},"content":{"rendered":"<p>[et_pb_section fb_built=\u00bb1&#8243; _builder_version=\u00bb4.10.7&#8243; _module_preset=\u00bbdefault\u00bb background_color=\u00bb#000000&#8243; custom_padding=\u00bb4px||0px|||\u00bb global_colors_info=\u00bb{}\u00bb][et_pb_row _builder_version=\u00bb4.10.7&#8243; _module_preset=\u00bbdefault\u00bb global_colors_info=\u00bb{}\u00bb][et_pb_column type=\u00bb4_4&#8243; _builder_version=\u00bb4.10.7&#8243; _module_preset=\u00bbdefault\u00bb global_colors_info=\u00bb{}\u00bb][et_pb_text _builder_version=\u00bb4.10.7&#8243; _module_preset=\u00bbdefault\u00bb global_colors_info=\u00bb{}\u00bb][\/et_pb_text][\/et_pb_column][\/et_pb_row][\/et_pb_section][et_pb_section fb_built=\u00bb1&#8243; _builder_version=\u00bb4.10.7&#8243; _module_preset=\u00bbdefault\u00bb background_color=\u00bb#FFFFFF\u00bb custom_margin=\u00bb-84px|||||\u00bb custom_padding=\u00bb||0px|||\u00bb global_colors_info=\u00bb{}\u00bb][et_pb_row _builder_version=\u00bb4.10.7&#8243; _module_preset=\u00bbdefault\u00bb custom_padding=\u00bb||12px|||\u00bb global_colors_info=\u00bb{}\u00bb][et_pb_column type=\u00bb4_4&#8243; _builder_version=\u00bb4.10.7&#8243; _module_preset=\u00bbdefault\u00bb global_colors_info=\u00bb{}\u00bb][et_pb_text _builder_version=\u00bb4.10.7&#8243; _module_preset=\u00bbdefault\u00bb text_font=\u00bbAbel||||||||\u00bb text_text_color=\u00bb#000000&#8243; text_font_size=\u00bb32px\u00bb min_height=\u00bb126.6px\u00bb custom_margin=\u00bb||30px|||\u00bb custom_padding=\u00bb||22px|||\u00bb hover_enabled=\u00bb0&#8243; global_colors_info=\u00bb{}\u00bb sticky_enabled=\u00bb0&#8243;]<\/p>\n<p style=\"text-align: center;\">\u00bfNuevos proyectos en mente?<\/p>\n<p style=\"text-align: center;\">PODEMOS AYUDARTE<\/p>\n<p>[\/et_pb_text][\/et_pb_column][\/et_pb_row][\/et_pb_section][et_pb_section fb_built=\u00bb1&#8243; _builder_version=\u00bb4.10.7&#8243; _module_preset=\u00bbdefault\u00bb background_color=\u00bb#FFFFFF\u00bb custom_padding=\u00bb31px|||||\u00bb global_colors_info=\u00bb{}\u00bb][et_pb_row column_structure=\u00bb2_5,3_5&#8243; _builder_version=\u00bb4.10.7&#8243; _module_preset=\u00bbdefault\u00bb global_colors_info=\u00bb{}\u00bb][et_pb_column type=\u00bb2_5&#8243; _builder_version=\u00bb4.10.7&#8243; _module_preset=\u00bbdefault\u00bb global_colors_info=\u00bb{}\u00bb][et_pb_image src=\u00bbhttps:\/\/petraescaperoom.com\/wp-content\/uploads\/2025\/05\/disenoSalas.png\u00bb title_text=\u00bbdisenoSalas\u00bb _builder_version=\u00bb4.10.7&#8243; _module_preset=\u00bbdefault\u00bb global_colors_info=\u00bb{}\u00bb][\/et_pb_image][\/et_pb_column][et_pb_column type=\u00bb3_5&#8243; _builder_version=\u00bb4.10.7&#8243; _module_preset=\u00bbdefault\u00bb global_colors_info=\u00bb{}\u00bb][et_pb_text _builder_version=\u00bb4.10.7&#8243; _module_preset=\u00bbdefault\u00bb text_font=\u00bbAbel||||||||\u00bb text_font_size=\u00bb23px\u00bb global_colors_info=\u00bb{}\u00bb]<\/p>\n<p><strong>Dise\u00f1o de experiencias<\/strong><\/p>\n<p style=\"text-align: justify;\">Te ayudamos a dise\u00f1ar tu sala, con la tem\u00e1tica elegida. Te ofrecemos diferentes opciones en funci\u00f3n del nivel tecnol\u00f3gico que quieras implantar, tus ideas y el presupuesto disponible.<\/p>\n<p style=\"text-align: justify;\">Una vez finalizados los trabajos, se proporcionar\u00e1n todos los planos, documentos explicativos, diagramas de conexi\u00f3n, c\u00f3digo fuente y todos aquellos aspectos que se requieran para ponerla en marcha.<\/p>\n<p>[\/et_pb_text][\/et_pb_column][\/et_pb_row][et_pb_row column_structure=\u00bb2_5,3_5&#8243; _builder_version=\u00bb4.10.7&#8243; _module_preset=\u00bbdefault\u00bb global_colors_info=\u00bb{}\u00bb][et_pb_column type=\u00bb2_5&#8243; _builder_version=\u00bb4.10.7&#8243; _module_preset=\u00bbdefault\u00bb global_colors_info=\u00bb{}\u00bb][et_pb_image src=\u00bbhttps:\/\/petraescaperoom.com\/wp-content\/uploads\/2025\/05\/presupuestos.png\u00bb title_text=\u00bbpresupuestos\u00bb _builder_version=\u00bb4.10.7&#8243; _module_preset=\u00bbdefault\u00bb global_colors_info=\u00bb{}\u00bb][\/et_pb_image][\/et_pb_column][et_pb_column type=\u00bb3_5&#8243; _builder_version=\u00bb4.10.7&#8243; _module_preset=\u00bbdefault\u00bb global_colors_info=\u00bb{}\u00bb][et_pb_text _builder_version=\u00bb4.10.7&#8243; _module_preset=\u00bbdefault\u00bb text_font=\u00bbAbel||||||||\u00bb text_font_size=\u00bb23px\u00bb global_colors_info=\u00bb{}\u00bb]<\/p>\n<p style=\"text-align: justify;\"><strong>Apoyo en la elaboraci\u00f3n de presupuestos<\/strong><\/p>\n<p style=\"text-align: justify;\">\u00bfQuieres construir una sala sin perder tu inversi\u00f3n? Podemos ayudarte. Colaboramos contigo en tu proyecto, facilitamos la elaboraci\u00f3n del caso de negocio, previsi\u00f3n de gastos, ingresos esperados en diferentes escenarios&#8230; En definitiva, te ayudamos a poner en marcha tu negocio considerando todas las circunstancias que te permitir\u00e1n emprender un proyecto realizable y con costes contenidos. No te vuelvas loco con proyectos mastod\u00f3nticos sin analizar los riesgos.<\/p>\n<p>[\/et_pb_text][\/et_pb_column][\/et_pb_row][et_pb_row column_structure=\u00bb2_5,3_5&#8243; _builder_version=\u00bb4.10.7&#8243; _module_preset=\u00bbdefault\u00bb global_colors_info=\u00bb{}\u00bb][et_pb_column type=\u00bb2_5&#8243; _builder_version=\u00bb4.10.7&#8243; _module_preset=\u00bbdefault\u00bb global_colors_info=\u00bb{}\u00bb][et_pb_image src=\u00bbhttps:\/\/petraescaperoom.com\/wp-content\/uploads\/2025\/05\/pantallaJuegos3.png\u00bb title_text=\u00bbpantallaJuegos3&#8243; _builder_version=\u00bb4.10.7&#8243; _module_preset=\u00bbdefault\u00bb global_colors_info=\u00bb{}\u00bb][\/et_pb_image][\/et_pb_column][et_pb_column type=\u00bb3_5&#8243; _builder_version=\u00bb4.10.7&#8243; _module_preset=\u00bbdefault\u00bb global_colors_info=\u00bb{}\u00bb][et_pb_text _builder_version=\u00bb4.10.7&#8243; _module_preset=\u00bbdefault\u00bb text_font=\u00bbAbel||||||||\u00bb text_font_size=\u00bb23px\u00bb global_colors_info=\u00bb{}\u00bb]<\/p>\n<p style=\"text-align: justify;\"><strong>Construcci\u00f3n \/ Programaci\u00f3n de Juegos<\/strong><\/p>\n<p style=\"text-align: justify;\">Creamos y construimos tus juegos, con el nivel de modernizaci\u00f3n que selecciones en funci\u00f3n de la tem\u00e1tica de tu sala:<\/p>\n<ul>\n<li style=\"text-align: justify;\">Juegos tradicionales, mec\u00e1nicos, con sensores b\u00e1sicos, con decoraci\u00f3n antigua o nueva<\/li>\n<li style=\"text-align: justify;\">Juegos actuales o futuristas, basados en sens\u00f3rica, Arduino, Raspberry, movimiento, voz, &#8230; \u00a1\u00a1La imaginaci\u00f3n es el \u00fanico l\u00edmite!!<\/li>\n<\/ul>\n<p>[\/et_pb_text][\/et_pb_column][\/et_pb_row][et_pb_row column_structure=\u00bb2_5,3_5&#8243; _builder_version=\u00bb4.10.7&#8243; _module_preset=\u00bbdefault\u00bb global_colors_info=\u00bb{}\u00bb][et_pb_column type=\u00bb2_5&#8243; _builder_version=\u00bb4.10.7&#8243; _module_preset=\u00bbdefault\u00bb global_colors_info=\u00bb{}\u00bb][et_pb_image src=\u00bbhttps:\/\/petraescaperoom.com\/wp-content\/uploads\/2025\/05\/automatizacion.png\u00bb title_text=\u00bbautomatizacion\u00bb _builder_version=\u00bb4.10.7&#8243; _module_preset=\u00bbdefault\u00bb global_colors_info=\u00bb{}\u00bb][\/et_pb_image][\/et_pb_column][et_pb_column type=\u00bb3_5&#8243; _builder_version=\u00bb4.10.7&#8243; _module_preset=\u00bbdefault\u00bb global_colors_info=\u00bb{}\u00bb][et_pb_text _builder_version=\u00bb4.10.7&#8243; _module_preset=\u00bbdefault\u00bb text_font=\u00bbAbel||||||||\u00bb text_font_size=\u00bb23px\u00bb global_colors_info=\u00bb{}\u00bb]<\/p>\n<p style=\"text-align: justify;\"><strong>Automatizaci\u00f3n<\/strong><\/p>\n<p style=\"text-align: justify;\">Te ayudamos a modernizar tu sala o construir una totalmente automatizada, sin pr\u00e1cticamente intervenci\u00f3n humana, con control de flujo de juego autocalculado en funci\u00f3n de la marcha del juego y la velocidad de resoluci\u00f3n de los equipos. Programaci\u00f3n espec\u00edfica, desarrollo de sistemas de control basados en c\u00f3digo Python y PLCs lo permitir\u00e1n.<\/p>\n<p>[\/et_pb_text][\/et_pb_column][\/et_pb_row][et_pb_row column_structure=\u00bb2_5,3_5&#8243; _builder_version=\u00bb4.10.7&#8243; _module_preset=\u00bbdefault\u00bb global_colors_info=\u00bb{}\u00bb][et_pb_column type=\u00bb2_5&#8243; _builder_version=\u00bb4.10.7&#8243; _module_preset=\u00bbdefault\u00bb global_colors_info=\u00bb{}\u00bb][et_pb_image src=\u00bbhttps:\/\/petraescaperoom.com\/wp-content\/uploads\/2025\/05\/luzSonido.png\u00bb title_text=\u00bbluzSonido\u00bb _builder_version=\u00bb4.10.7&#8243; _module_preset=\u00bbdefault\u00bb global_colors_info=\u00bb{}\u00bb][\/et_pb_image][\/et_pb_column][et_pb_column type=\u00bb3_5&#8243; _builder_version=\u00bb4.10.7&#8243; _module_preset=\u00bbdefault\u00bb global_colors_info=\u00bb{}\u00bb][et_pb_text _builder_version=\u00bb4.10.7&#8243; _module_preset=\u00bbdefault\u00bb text_font=\u00bbAbel||||||||\u00bb text_font_size=\u00bb23px\u00bb global_colors_info=\u00bb{}\u00bb]<\/p>\n<p style=\"text-align: justify;\"><strong>Luces y Sonido<\/strong><\/p>\n<p style=\"text-align: justify;\">\u00bfQuieres tener unos efectos de iluminaci\u00f3n y sonido completamente sincronizados? \u00bfQuieres que se lancen en el momento adecuado, cuando se cumplan determinadas condiciones? Podemos encargarnos de ello incorporando estos efectos a tu sala<\/p>\n<p>[\/et_pb_text][\/et_pb_column][\/et_pb_row][\/et_pb_section]<\/p>\n","protected":false},"excerpt":{"rendered":"<p>\u00bfNuevos proyectos en mente? PODEMOS AYUDARTEDise\u00f1o de experiencias Te ayudamos a dise\u00f1ar tu sala, con la tem\u00e1tica elegida. Te ofrecemos diferentes opciones en funci\u00f3n del nivel tecnol\u00f3gico que quieras implantar, tus ideas y el presupuesto disponible. Una vez finalizados los trabajos, se proporcionar\u00e1n todos los planos, documentos explicativos, diagramas de conexi\u00f3n, c\u00f3digo fuente y todos [&hellip;]<\/p>\n","protected":false},"author":1,"featured_media":0,"parent":0,"menu_order":0,"comment_status":"closed","ping_status":"closed","template":"","meta":{"_et_pb_use_builder":"on","_et_pb_old_content":"","_et_gb_content_width":"","footnotes":""},"class_list":["post-758","page","type-page","status-publish","hentry"],"_links":{"self":[{"href":"https:\/\/petraescaperoom.com\/index.php\/wp-json\/wp\/v2\/pages\/758","targetHints":{"allow":["GET"]}}],"collection":[{"href":"https:\/\/petraescaperoom.com\/index.php\/wp-json\/wp\/v2\/pages"}],"about":[{"href":"https:\/\/petraescaperoom.com\/index.php\/wp-json\/wp\/v2\/types\/page"}],"author":[{"embeddable":true,"href":"https:\/\/petraescaperoom.com\/index.php\/wp-json\/wp\/v2\/users\/1"}],"replies":[{"embeddable":true,"href":"https:\/\/petraescaperoom.com\/index.php\/wp-json\/wp\/v2\/comments?post=758"}],"version-history":[{"count":8,"href":"https:\/\/petraescaperoom.com\/index.php\/wp-json\/wp\/v2\/pages\/758\/revisions"}],"predecessor-version":[{"id":777,"href":"https:\/\/petraescaperoom.com\/index.php\/wp-json\/wp\/v2\/pages\/758\/revisions\/777"}],"wp:attachment":[{"href":"https:\/\/petraescaperoom.com\/index.php\/wp-json\/wp\/v2\/media?parent=758"}],"curies":[{"name":"wp","href":"https:\/\/api.w.org\/{rel}","templated":true}]}}