{"id":660,"date":"2023-08-31T12:30:44","date_gmt":"2023-08-31T10:30:44","guid":{"rendered":"https:\/\/petraescaperoom.com\/?page_id=660"},"modified":"2024-05-14T12:54:52","modified_gmt":"2024-05-14T10:54:52","slug":"faqsacidas","status":"publish","type":"page","link":"https:\/\/petraescaperoom.com\/index.php\/faqsacidas\/","title":{"rendered":"FAQS \u00c1CIDAS"},"content":{"rendered":"<p>[et_pb_section fb_built=\u00bb1&#8243; _builder_version=\u00bb4.10.7&#8243; _module_preset=\u00bbdefault\u00bb background_color=\u00bb#000000&#8243; global_colors_info=\u00bb{}\u00bb][et_pb_row _builder_version=\u00bb4.10.7&#8243; _module_preset=\u00bbdefault\u00bb global_colors_info=\u00bb{}\u00bb][et_pb_column type=\u00bb4_4&#8243; _builder_version=\u00bb4.10.7&#8243; _module_preset=\u00bbdefault\u00bb global_colors_info=\u00bb{}\u00bb][et_pb_text _builder_version=\u00bb4.10.7&#8243; _module_preset=\u00bbdefault\u00bb background_color=\u00bb#000000&#8243; global_colors_info=\u00bb{}\u00bb]<\/p>\n<h3 style=\"text-align: center;\"><span style=\"color: #ffff00;\"><strong>Preguntas frecuentes con respuesta \u00ab\u00e1cida\u00bb<\/strong><\/span><\/h3>\n<p><span style=\"color: #ffff00;\"><strong><\/strong><\/span><\/p>\n<p style=\"text-align: center;\"><span style=\"color: #ffffff;\">Porque un poco de humor \u00e1cido nunca viene mal, aqu\u00ed ten\u00e9is respuesta a algunas de las dudas que os asaltan <img decoding=\"async\" src=\"https:\/\/petraescaperoom.com\/wp-content\/themes\/Divi\/includes\/builder\/frontend-builder\/assets\/vendors\/plugins\/emoticons\/img\/smiley-tongue-out.gif\" alt=\"tongue-out\" \/>.<\/span><\/p>\n<p style=\"text-align: center;\"><span style=\"color: #ffffff;\"><\/span><\/p>\n<p style=\"text-align: center;\"><span style=\"color: #ffffff;\"><\/span><\/p>\n<p style=\"text-align: center;\"><span style=\"color: #ffffff;\"><\/span><\/p>\n<p>[\/et_pb_text][\/et_pb_column][\/et_pb_row][et_pb_row _builder_version=\u00bb4.10.7&#8243; _module_preset=\u00bbdefault\u00bb global_colors_info=\u00bb{}\u00bb][et_pb_column type=\u00bb4_4&#8243; _builder_version=\u00bb4.10.7&#8243; _module_preset=\u00bbdefault\u00bb global_colors_info=\u00bb{}\u00bb][et_pb_accordion _builder_version=\u00bb4.10.7&#8243; _module_preset=\u00bbdefault\u00bb hover_enabled=\u00bb0&#8243; global_colors_info=\u00bb{}\u00bb sticky_enabled=\u00bb0&#8243;][et_pb_accordion_item title=\u00bbSi se cumple el tiempo y no he terminado, \u00bfpodr\u00e9 jugar hasta terminar?\u00bb open=\u00bboff\u00bb _builder_version=\u00bb4.10.7&#8243; _module_preset=\u00bbdefault\u00bb global_colors_info=\u00bb{}\u00bb]<\/p>\n<p>Nuestro mayor deseo en la vida es estar hasta entrada la madrugada en la sala, por lo que, tranquilo, ve a tu ritmo. Si intuyes que vas mal de tiempo, rel\u00e1jate, no hace falta que te muevas r\u00e1pido de un lugar a otro. No te preocupes porque si es necesario, y si te falta la mitad de la sala por terminar al llegar la hora, pediremos cena y aguardaremos las horas necesarias, como t\u00fa har\u00edas en tu trabajo sin gratificaci\u00f3n extra, de mil amores!!! <\/p>\n<p>No te preocupes amig@, no somos inflexibles. Hemos tenido un gran n\u00famero de grupos jugando m\u00e1s all\u00e1 de la hora (dentro de un orden). Es nuestro objetivo que todo el mundo disfrute de la aventura completa, por lo que no tengas miedo por eso <img decoding=\"async\" src=\"https:\/\/petraescaperoom.com\/wp-content\/themes\/Divi\/includes\/builder\/frontend-builder\/assets\/vendors\/plugins\/emoticons\/img\/smiley-wink.gif\" alt=\"wink\" \/>. Dicho esto, no te pedimos que seas Usain Bolt movi\u00e9ndote entre estancias, pero al menos que parezca que est\u00e1s viv@ <img decoding=\"async\" src=\"https:\/\/petraescaperoom.com\/wp-content\/themes\/Divi\/includes\/builder\/frontend-builder\/assets\/vendors\/plugins\/emoticons\/img\/smiley-tongue-out.gif\" alt=\"tongue-out\" \/><\/p>\n<p>[\/et_pb_accordion_item][et_pb_accordion_item title=\u00bbQueremos jugar sin pistas\u00bb _builder_version=\u00bb4.10.7&#8243; _module_preset=\u00bbdefault\u00bb global_colors_info=\u00bb{}\u00bb open=\u00bboff\u00bb]<\/p>\n<p>Perfecto, Einstein. Entendemos que como conoces la sala, sabes el n\u00famero de estancias que te quedan por terminar, el n\u00famero de juegos por resolver y sabes con una precisi\u00f3n suiza si vas bien o mal de tiempo, es normal que no quieras que nadie te hable. Y si no te hablo y llega la hora y te queda la mitad, \u00bfc\u00f3mo lo solucionamos? \u00bfSer\u00e1 entonces culpa del game master que no os ayud\u00f3?<\/p>\n<p>Pod\u00e9is estar tranquil@s. Somos jugadores, a nosotros no nos gusta que nos den pistas cuando no tocan, nos gusta que nos dejen pensar. Pero tampoco debe incomodaros si os tienen que dar alguna, porque solo el que est\u00e1 al otro lado de las c\u00e1maras sabe c\u00f3mo vais de tiempo. Y estad tambi\u00e9n tranquil@s, las pistas son sutiles y no te van a resolver un juego directamente, solo son ayudas para sigas pas\u00e1ndolo bien.<\/p>\n<p>[\/et_pb_accordion_item][et_pb_accordion_item title=\u00bb\u00bfQu\u00e9 pasa si no s\u00e9 resolver los enigmas?\u00bb _builder_version=\u00bb4.10.7&#8243; _module_preset=\u00bbdefault\u00bb global_colors_info=\u00bb{}\u00bb open=\u00bboff\u00bb]<\/p>\n<p>Ser\u00e1s desterrado. \u00bfC\u00f3mo osas venir si no cuentas con un doctorado en F\u00edsica Cu\u00e1ntica? Incre\u00edble. Jam\u00e1s te dejaremos salir hasta que seas capaz. De hecho, en la sala cada vez hay m\u00e1s personas viviendo, pues no han conseguido salir.<\/p>\n<p>Ver\u00e1s. La figura del game master est\u00e1 para ayudar, os facilitar\u00e1 las pistas necesarias para poder ir avanzando. Solo hacednos un favor: simulad que ven\u00eds en equipo y no en \u00abequipo + 1\u00bb: no hace falta que dig\u00e1is \u00abSuper\u00bb o \u00abPista\u00bb, que ya sabemos cu\u00e1ndo debemos haceros llegar la informaci\u00f3n <img decoding=\"async\" src=\"https:\/\/petraescaperoom.com\/wp-content\/themes\/Divi\/includes\/builder\/frontend-builder\/assets\/vendors\/plugins\/emoticons\/img\/smiley-cool.gif\" alt=\"cool\" \/><\/p>\n<p>[\/et_pb_accordion_item][et_pb_accordion_item title=\u00bbVosotros os lo ten\u00e9is que pasar genial vi\u00e9ndonos por las c\u00e1maras\u00bb _builder_version=\u00bb4.10.7&#8243; _module_preset=\u00bbdefault\u00bb global_colors_info=\u00bb{}\u00bb open=\u00bboff\u00bb]<\/p>\n<p>Buah, ni lo pod\u00e9is imaginar. A veces no sabemos si nos hemos colado en el plat\u00f3 del club de la comedia y en vez de haber jugadores estamos parti\u00e9ndonos de risa con Leo Harlem, Goyo Jim\u00e9nez y Joaqu\u00edn Reyes. \u00a1No me dig\u00e1is que a vosotros no os pasa en el trabajo! \u00bfEn serio? \u00bfEstar sentados 12 horas viendo lo mismo en la pantalla no os resulta divertido???????? Qu\u00e9 rar@s sois, de verdad, no llorais de risa en el trabajo. As\u00ed nos va.<\/p>\n<p>Pues lo cierto es que hay grupos muy divertidos (y creo que cualquiera sabe si es divertido o no <img decoding=\"async\" src=\"https:\/\/petraescaperoom.com\/wp-content\/themes\/Divi\/includes\/builder\/frontend-builder\/assets\/vendors\/plugins\/emoticons\/img\/smiley-wink.gif\" alt=\"wink\" \/>). Pero si se viera la misma pel\u00edcula 5 veces al d\u00eda podr\u00eda no resultar divertido&#8230; Jugad con actitud, como si hubi\u00e9rais venido a divertiros (que pensamos que a eso se va a una sala de escape), no os pong\u00e1is a suspirar ni os frustreis porque algo no os salga en treinta segundos, recordad que este juego es un reto tras otro, esa es la gracia. DIVERT\u00cdOS<\/p>\n<p>[\/et_pb_accordion_item][et_pb_accordion_item title=\u00bb\u00bfTen\u00e9is ba\u00f1o? Estoy a punto de entrar y me estoy meando\u00bb _builder_version=\u00bb4.10.7&#8243; _module_preset=\u00bbdefault\u00bb global_colors_info=\u00bb{}\u00bb open=\u00bboff\u00bb]<\/p>\n<p>Lastimosamente tu vejiga estallar\u00e1. Entendemos que en las 22 horas del d\u00eda que no estar\u00e1s jugando en la sala te ha resultado imposible ir al ba\u00f1o. Entendemos tambi\u00e9n que te encanta el riesgo, y te la quieres jugar a ver si hay o no ba\u00f1o. \u00bfSabes que no todas las salas tienen? \u00bfY si al entrar te llevas la desagradable sorpresa? Regla n\u00famero 1 del escapista: ven mead@.<\/p>\n<p>Pero, est\u00e1s de suerte, si cometes esa imprudencia, \u00a1tenemos ba\u00f1o! Eso s\u00ed, te perder\u00e1s parte del juego porque deber\u00e1s ir cuando el tiempo haya empezado (cometimos el error de juventud de esperar a que todo el mundo hiciera su pip\u00ed al principio, hasta que en un grupo de 6 entraron las 6 personas&#8230;). Una vez comenzado el juego, podr\u00e9is ir <img decoding=\"async\" src=\"https:\/\/petraescaperoom.com\/wp-content\/themes\/Divi\/includes\/builder\/frontend-builder\/assets\/vendors\/plugins\/emoticons\/img\/smiley-tongue-out.gif\" alt=\"tongue-out\" \/><\/p>\n<p>[\/et_pb_accordion_item][et_pb_accordion_item title=\u00bb\u00a1Uy! Esto est\u00e1 roto\u00bb _builder_version=\u00bb4.10.7&#8243; _module_preset=\u00bbdefault\u00bb global_colors_info=\u00bb{}\u00bb open=\u00bboff\u00bb]<\/p>\n<p>Vamos a ver, Houdini&#8230; que te acabo de ver por la c\u00e1mara c\u00f3mo hac\u00edas fuerza y lo romp\u00edas&#8230; Claro que est\u00e1 roto, si lo acabas de romper!<br \/>\u00bfY c\u00f3mo no se va a romper con el tir\u00f3n que has dado? Ya sabemos, la presi\u00f3n del tiempo, las prisas&#8230; pero deja el crossfit para otro momento! <br \/>No, si no he hecho fuerza! Pero&#8230; \u00bfpor qu\u00e9 te pones a probar combinaciones por probar? \u00bfNo ser\u00e1 mejor esperar a tener la combinaci\u00f3n tras pensar un poquito y as\u00ed no fuerzas los mecanismos hechos a mano?<\/p>\n<p>Efectivamente, las cosas se pueden romper. Solo pedimos que se traten con cierta delicadeza, que no se peguen tirones o se den golpes para ver si algo se abre, aqu\u00ed todo va por l\u00f3gica: en cuanto se haga bien, se abrir\u00e1. Disfrutad del mundo de la l\u00f3gica y la observaci\u00f3n y as\u00ed todos estaremos mejor <img decoding=\"async\" src=\"https:\/\/petraescaperoom.com\/wp-content\/themes\/Divi\/includes\/builder\/frontend-builder\/assets\/vendors\/plugins\/emoticons\/img\/smiley-innocent.gif\" alt=\"innocent\" \/><\/p>\n<p>[\/et_pb_accordion_item][et_pb_accordion_item title=\u00bbEspera, que te tiro esto desde aqu\u00ed\u00bb _builder_version=\u00bb4.10.7&#8243; _module_preset=\u00bbdefault\u00bb global_colors_info=\u00bb{}\u00bb open=\u00bboff\u00bb]<\/p>\n<p>A ver, para lanzar cosas de un punto lejano a otro se invent\u00f3 el rugby. Si hubi\u00e9ramos querido que os tir\u00e1seis cosas esto no ser\u00eda una sala de escape, sino un campeonato de lanzamiento de frisby.<\/p>\n<p>\u00bfNo ser\u00e1 m\u00e1s sencillo pasarse las cosas de una mano a otra sin romperlas y as\u00ed evitamos el riesgo de que os romp\u00e1is la cabeza? <img decoding=\"async\" src=\"https:\/\/petraescaperoom.com\/wp-content\/themes\/Divi\/includes\/builder\/frontend-builder\/assets\/vendors\/plugins\/emoticons\/img\/smiley-sealed.gif\" alt=\"sealed\" \/><\/p>\n<p>[\/et_pb_accordion_item][et_pb_accordion_item title=\u00bbYa est\u00e1, \u00bfy ahora qu\u00e9?\u00bb _builder_version=\u00bb4.10.7&#8243; _module_preset=\u00bbdefault\u00bb global_colors_info=\u00bb{}\u00bb open=\u00bboff\u00bb]<\/p>\n<p>Pues&#8230; habr\u00e1 que rezar a Dios o esperar que las fuerzas ocultas abran el juego&#8230; o mejor a\u00fan, podr\u00edas pensar que no has puesto bien la combinaci\u00f3n y nada se ha abierto. \u00bfQu\u00e9 tal si le damos otra vuelta? <img decoding=\"async\" src=\"https:\/\/petraescaperoom.com\/wp-content\/themes\/Divi\/includes\/builder\/frontend-builder\/assets\/vendors\/plugins\/emoticons\/img\/smiley-laughing.gif\" alt=\"laughing\" \/><\/p>\n<p>[\/et_pb_accordion_item][et_pb_accordion_item title=\u00bb\u00a1Esto no tiene l\u00f3gica!\u00bb _builder_version=\u00bb4.10.7&#8243; _module_preset=\u00bbdefault\u00bb global_colors_info=\u00bb{}\u00bb open=\u00bboff\u00bb]<\/p>\n<p>Porque como estoy en posesi\u00f3n de la verdad absoluta determino que el enigma no tiene ning\u00fan sentido, pues es imposible que yo a\u00fan no se lo haya visto. Es m\u00e1s, me atrevo a perjurar que los cientos de grupos que han pasado antes por aqu\u00ed seguramente han pensado lo mismo que yo pero lo han abierto de suerte. No s\u00e9 c\u00f3mo no lo han cambiado todav\u00eda para que tenga sentido.<\/p>\n<p>Una vez respirado con tranquilidad y d\u00e1ndote las gracias por iluminarnos en tan grave error de dise\u00f1o, \u00bfqu\u00e9 tal si te paras a ver el enigma con tranquilidad hasta que le encuentres la l\u00f3gica que, muchas veces, es mucho m\u00e1s sencillo de lo que est\u00e1s pensando?<\/p>\n<p>[\/et_pb_accordion_item][et_pb_accordion_item title=\u00bbMis compa\u00f1eros no me entienden y no me ayudan\u00bb _builder_version=\u00bb4.10.7&#8243; _module_preset=\u00bbdefault\u00bb global_colors_info=\u00bb{}\u00bb open=\u00bboff\u00bb]<\/p>\n<p>\u00bfQu\u00e9 tienes ah\u00ed dentro? Una cosa. Ya, pero, \u00bfqu\u00e9 cosa? Pues un cacharro con palos.<br \/>\u00bfPuedes decirnos algo m\u00e1s? Joder&#8230; pues palos blancos.<\/p>\n<p>Bien, tras esta tremenda lecci\u00f3n de descripci\u00f3n y compartici\u00f3n de informaci\u00f3n, te insto a pensar: \u00bfNo ser\u00eda mejor decirles a tus compa\u00f1eros QUE NO VEN LO QUE T\u00da EST\u00c1S VIENDO que tienes unas ruedas con inscripciones de colores, una de las cuales es una l\u00ednea horizontal, otra es una luna blanca, &#8230;? Quiz\u00e1 as\u00ed ellos puedan decirte algo relacionado con esos s\u00edmbolos. \u00bfO esperas que te resuelvan la papeleta buscando por la sala cacharros blancos con palos? \u00a1\u00a1Que no dejamos fuera la fregona!!<\/p>\n<p>[\/et_pb_accordion_item][et_pb_accordion_item title=\u00bbPero&#8230; si llevamos cientos de salas y somos buen\u00edsimos, \u00bfc\u00f3mo que no pueden jugar 2?\u00bb _builder_version=\u00bb4.10.7&#8243; _module_preset=\u00bbdefault\u00bb hover_enabled=\u00bb0&#8243; global_colors_info=\u00bb{}\u00bb open=\u00bbon\u00bb sticky_enabled=\u00bb0&#8243;]<\/p>\n<p>Sabemos que ayudaste a Einstein a formular la Teor\u00eda de la Relatividad, incluso hoy d\u00eda hablar\u00edamos mediante palomas mensajeras si no hubieras asesorado a Graham Bell en el desarrollo del tel\u00e9fono. Intuimos tambi\u00e9n que Facebook ser\u00eda solo un libro con tapas en vez de una red social si no hubierais participado en el proyecto.<\/p>\n<p>Peeeeeeeeeeeeeeeeeeeeeeero&#8230; la realidad es tozuda. Y normalmente (en el 90% de los casos en que juegan parejas), se tiene un tiempo medio de juego de 2:15, lo cual son 15 minutos m\u00e1s del tiempo disponible para la misi\u00f3n. Hemos tenido casos de 2:30, 2:45&#8230; o de ir dando pista tras pista, lo cual no tiene ning\u00fan sentido para nadie.<\/p>\n<p>La cuesti\u00f3n es, \u00bfpod\u00e9is jugar dos? Llamadnos y lo hablamos. Hay muchas cosas a tener en cuenta (basado en nuestra experiencia) y es mejor que las comentemos antes.<\/p>\n<p>[\/et_pb_accordion_item][\/et_pb_accordion][\/et_pb_column][\/et_pb_row][\/et_pb_section]<\/p>\n","protected":false},"excerpt":{"rendered":"<p>FAQS_ACIDAS<\/p>\n","protected":false},"author":1,"featured_media":0,"parent":0,"menu_order":0,"comment_status":"closed","ping_status":"closed","template":"","meta":{"_et_pb_use_builder":"on","_et_pb_old_content":"","_et_gb_content_width":"","footnotes":""},"class_list":["post-660","page","type-page","status-publish","hentry"],"_links":{"self":[{"href":"https:\/\/petraescaperoom.com\/index.php\/wp-json\/wp\/v2\/pages\/660","targetHints":{"allow":["GET"]}}],"collection":[{"href":"https:\/\/petraescaperoom.com\/index.php\/wp-json\/wp\/v2\/pages"}],"about":[{"href":"https:\/\/petraescaperoom.com\/index.php\/wp-json\/wp\/v2\/types\/page"}],"author":[{"embeddable":true,"href":"https:\/\/petraescaperoom.com\/index.php\/wp-json\/wp\/v2\/users\/1"}],"replies":[{"embeddable":true,"href":"https:\/\/petraescaperoom.com\/index.php\/wp-json\/wp\/v2\/comments?post=660"}],"version-history":[{"count":8,"href":"https:\/\/petraescaperoom.com\/index.php\/wp-json\/wp\/v2\/pages\/660\/revisions"}],"predecessor-version":[{"id":701,"href":"https:\/\/petraescaperoom.com\/index.php\/wp-json\/wp\/v2\/pages\/660\/revisions\/701"}],"wp:attachment":[{"href":"https:\/\/petraescaperoom.com\/index.php\/wp-json\/wp\/v2\/media?parent=660"}],"curies":[{"name":"wp","href":"https:\/\/api.w.org\/{rel}","templated":true}]}}